 124. Let k = t + x. What is the units digit of k?
6
Suppose -12*x + 10*x + 2*m + 3524 = 0, 0 = 5*x + 5*m - 8770. What is the units digit of x?
8
Suppose -4*b = -9*b. Let s(j) = 2*j - 28. Let p be s(29). Suppose r + r - p = b. What is the units digit of r?
5
What is the tens digit of 261/6 - (7/(-14))/1?
4
Let s be (0 + 0)/(4/2). Suppose 5*t - 5*d - 25 = s, 0*d = -3*t - d - 5. Suppose 5*o + t*o = 115. What is the tens digit of o?
2
Let y(o) = 3*o + 6. Let q be y(-2). Suppose q = -5*f + 643 + 72. What is the units digit of f?
3
Let u = 10 + 2. Suppose u*g = 7*g + 470. Let l = g - 65. What is the units digit of l?
9
Let f = -335 - -669. What is the hundreds digit of f?
3
Let y(o) = -14*o - 4 + 6*o**2 - 4 + 2 + 15*o. What is the tens digit of y(2)?
2
Let u = 122 + 0. What is the units digit of u?
2
Suppose 0 = -2*y - 0 + 4. Suppose -4*g + 4 = 4*b - g, y*g + 2 = -5*b. What is the tens digit of (b/(-4))/((-5)/(-150))?
1
Let v be 12/(-21) - 1620/(-42). Suppose -2*z + v + 42 = 0. What is the tens digit of z?
4
Let h(m) = 16*m**2 - 5*m - 7. Let n = -19 - -17. What is the tens digit of h(n)?
6
Let c(u) = -u**2 - u. Let g(a) = a**2 - 9*a - 3. Let n(l) = -2*c(l) - g(l). Let f be n(-11). Suppose f*q = 22 + 8. What is the units digit of q?
0
Let w(k) = -k**2 + 7*k + 3. Let c be w(7). Let g be (-27)/(-3 + 6) - c. What is the tens digit of (-62)/(8/g*3)?
3
Let d(g) be the second derivative of 9*g**5/20 - g**4/4 + g**3/2 + g**2 - 10*g. What is the tens digit of d(2)?
6
Let w be (0/(-2))/(-3) + 4. Suppose -n = -w*n. Suppose 5*r - 36 - 29 = n. What is the tens digit of r?
1
Let v = 55 - 54. What is the units digit of (9/(-2))/(v/(-2))?
9
Let o = -15 - -18. Let q(j) = j - 14*j**3 + 41*j**3 - 1 + 0*j**2 + 16*j**o + j**2. What is the tens digit of q(1)?
4
Let u(b) = -b**3 - 16*b**2 - 14 + 0*b**3 - 3*b - 11. What is the tens digit of u(-16)?
2
Let x be 1/3 + (-519)/(-9). What is the units digit of x + -8 + 2 + 1?
3
Let p = 9 - 14. Let u(a) = a**3 + 5*a**2 - 4*a - 3. Let v be u(p). Let b = -10 + v. What is the units digit of b?
7
Let w(z) = -3*z**2 + 29*z + 10. Let j be w(13). Let y = -50 - j. What is the units digit of y?
0
Let g be (-1 + 144)/((-7)/(-78 + 1)). Suppose 12*n = 4033 - g. What is the tens digit of n?
0
Let a(p) = -p**3 + 10*p**2 + 2*p - 18. Let m be a(10). What is the units digit of (m/12)/(3/(-894))*-3?
9
Suppose -s - 2552 = -12*s. What is the hundreds digit of s?
2
Let l = 3 + -40. Let k = 243 - 178. Let x = k + l. What is the units digit of x?
8
Let w(y) = -184*y - 10. What is the units digit of w(-6)?
4
Suppose u - 47 = 4*y + 10, u = -y + 67. Let v = u - 33. What is the units digit of v?
2
Let y = 435 - 301. What is the tens digit of y?
3
Suppose -67 = 4*h - 75. Suppose -h*l - 5*g = 3*l - 210, 210 = 5*l - 5*g. What is the units digit of l?
2
Suppose -z - 3*h = -6*z + 16, -3*z - 3*h + 24 = 0. Suppose -z*l + 47 + 18 = 0. What is the units digit of l?
3
Suppose 0 = 6*d - 10*d + 28. Let m be d/(-7)*(-2 - 3). Suppose -m*f + 2 + 23 = 0. What is the units digit of f?
5
Suppose -3*a = 3*m - 21, 6*m - 5*m = 4*a - 3. Let q be -4 - -2 - (m - 12). Suppose -11 - q = -2*p. What is the units digit of p?
8
Let m = -1646 - -3053. What is the tens digit of m?
0
Let t(c) = -c - 5. Let o be t(-8). Suppose 0 = -5*z + 177 + o. What is the units digit of 3/(z/8 - 3)?
2
Suppose -12*x = -5*q - 11*x + 9286, -2*q - 5*x = -3709. What is the tens digit of q?
5
Let g(u) = -u**2 + 4*u - 10. Let h be g(9). Suppose t = 9*t + 880. Let l = h - t. What is the tens digit of l?
5
Let g = 327 - 181. Let x = 249 - g. What is the tens digit of x?
0
Let d = -10 + 12. Let p(a) = 2*a**2 - 4 + a**3 - 9*a**d - 4*a - a. What is the units digit of p(8)?
0
Let a(y) = 14*y. Suppose 2*c + 22 - 20 = 0. Let w be a(c). What is the units digit of 136/7 + 6/w?
9
Let t = 1 - 2. Let w be -58 + 1 - (0 - t). Let q = -39 - w. What is the tens digit of q?
1
Let x(u) = 3*u**3 - 1 - 3*u**3 + u + 4*u**2 - u**3 - 3*u. Let j be x(2). Suppose j*z + d - 21 - 57 = 0, 2*z = -5*d + 65. What is the units digit of z?
5
Suppose -14*i - 6865 + 50559 = 0. What is the tens digit of i?
2
Suppose -2*k - 5*g - 1343 = -6*k, k - 320 = -4*g. What is the units digit of k?
2
Let a(x) = x + 26. Let w be a(-20). What is the units digit of (-8)/24 + 524/w?
7
Let j(f) be the third derivative of -f**5/60 - 4*f**4/3 - 49*f**3/6 + 32*f**2. What is the tens digit of j(-17)?
0
Let w = 242 + -36. What is the tens digit of w?
0
Suppose 4*w - 26 = -5*h - 4, 2*w = -5*h + 16. Suppose o = -4*v + 185, 3*v - 70 = 2*v - 5*o. Suppose -v = -h*j - 3*j. What is the units digit of j?
9
Suppose 3*x - 16 = -y, -3*x + 2*y = -y - 12. Let r = x - 1. Suppose -5*j = r*h - 104, h + 26 = 3*h - 4*j. What is the units digit of h?
1
Let r = 1233 + 793. What is the thousands digit of r?
2
Let o(u) = 4*u + 19. Let d(m) = m + 6. Let c(g) = 7*d(g) - 2*o(g). What is the units digit of c(3)?
1
Suppose -6 = -3*t, -4*c + 5*t + 3664 + 2786 = 0. What is the tens digit of c?
1
Suppose -5*i = -9 - 6. Suppose -u = i*u - 1120. What is the tens digit of u?
8
Let w be (-10)/(-25) + 12/(-5). Let c be (-25)/(-5) + 4/w. What is the units digit of ((-2)/5)/(c/(-45))?
6
Let w = -151 + 343. Suppose -3*o = -o + 4*d - w, 3*d = -12. Suppose 24 = -8*k + o. What is the tens digit of k?
1
Let w(s) be the second derivative of -23*s**3/6 - s**2/2 - 19*s. What is the tens digit of w(-3)?
6
Let v(u) = 1 - 30*u**3 + 7*u**3 + 2*u - 3*u**2 + 12*u**3 + 12*u**3. What is the units digit of v(3)?
7
Let g(l) = 21 - 4*l + 2*l**2 - 10*l**3 - 19 + 66*l**3. What is the units digit of g(1)?
6
Let q = 9 + -9. Let y be (q - -3)/(0 + 1). Suppose -10 = y*l - 76. What is the units digit of l?
2
What is the tens digit of 17/(357/(-140))*(-216)/5?
8
Let x be (-3)/(3/(-36)*2). Let p = 0 + x. What is the tens digit of (-2)/4 - (-315)/p?
1
What is the tens digit of (4/6)/(((-744)/90828)/(-31))?
2
What is the hundreds digit of (90/(-21))/(-10) + 16505/35?
4
Suppose 3*q = -2*q + 15. Suppose -16 = -q*b + b. Suppose 10 = f + b. What is the units digit of f?
2
Suppose u - 2*z + 6 = 2*u, -12 = -2*u + 4*z. What is the units digit of ((3 - 4) + -2)/(u/(-116))?
8
Suppose 0 = -4*o + o - 36. Suppose -5*j = -3*z + 18, -4*z + 3 = -2*j - 7. What is the tens digit of (-2)/j*(-198)/o?
1
Suppose 2*v - 357 - 2249 = 0. What is the units digit of v?
3
Let u = -161 - -265. Suppose 66 = 2*x - 5*q, -x + 5*x = 3*q + u. What is the units digit of x?
3
Let m(o) = o**2 + 13*o + 44. Let j be m(-7). What is the tens digit of (-2)/(-1) + 46/j + 4?
2
Let a be 0 - ((2 - 2) + 2). Let j be (5 - 9) + (2 - a). Suppose j*p + 2*m = -4*p + 66, 3*m = -p + 14. What is the tens digit of p?
1
Let m(g) = 11*g + 13 - g**2 + 8*g - 9*g + 3*g**2. Let q(o) = -4*o**2 - 19*o - 25. Let l(t) = -5*m(t) - 3*q(t). What is the units digit of l(-7)?
9
Let y(x) = -3 + 0 + 1 - 20*x - 16 - x**2. What is the units digit of y(-13)?
3
Suppose -26*g + 3554 = -3232. What is the hundreds digit of g?
2
Let w(p) = -11*p + 12. Let g(f) = -78*f + 84. Suppose -2*q + 3*q = -36. Let r(u) = q*w(u) + 5*g(u). What is the units digit of r(8)?
6
Let l be 12259/65 + 6/(-10). Suppose -5*d + 42 = -l. What is the units digit of d?
6
Let c = 9 - 16. Let o(p) = -2*p + 11 + 0*p - 18. What is the units digit of o(c)?
7
Let l be (6/(-8))/(6/288). Let v be ((-5)/2)/(6/l). What is the units digit of (-2)/(-15) + 118/v?
8
Suppose 4*w - 14 = -3*w. Suppose -w*h = 2*h - 3*y - 51, -10 = 2*y. What is the units digit of (-2)/(-18) - (-296)/h?
3
Suppose 19*x - 12052 = -1526. What is the tens digit of x?
5
Suppose -508*r + 501*r = -4767. What is the tens digit of r?
8
Suppose 0 = -13*y + 18*y - 1320. What is the units digit of (9/12)/(6/y)?
3
Let b be (-4)/(-16)*4 - 38. Let t = b - -67. Suppose 0*l + 2*l - 3*o = 46, -l + 5*o = -t. What is the tens digit of l?
2
Suppose 3*q = 0, -2*j - 4*q - 6 = -5*j. Let g(s) = j*s - 6 + 2 + 6. What is the tens digit of g(4)?
1
Let r(z) be the second derivative of -3*z**5/20 + z**4/4 + 7*z**3/6 - 34*z. What is the hundreds digit of r(-4)?
2
Let k = -61 + 117. Let c = k - 18. What is the units digit of c?
8
Let l(b) = -89*b - 30. What is the hundreds digit of l(-6)?
5
Let b be 2/(-5) - (-84)/35. Suppose -3*r - 149 = -3*s - 2, -s + b*r = -48. What is the tens digit of s?
5
Suppose